d by 32.
9
Suppose 3 = -d + 25. Suppose 4*q + l - 60 = 5*l, -27 = -q - 3*l. Suppose 0*f + 3*f - q = 0. What is the remainder when d is divided by f?
4
Let g = -3902 + 3911. What is the remainder when 628 is divided by g?
7
Let x(h) = h**2 - 18*h - 423. Suppose 3*v + 9 = 36. Suppose 0 = v*t - 11*t + 142. Calculate the remainder when t is divided by x(32).
21
Suppose 4*s = n + 1075, -8*s + 940 = 3*n - 1175. What is the remainder when 1872 is divided by s?
3
Let h(o) = -12*o + 6. Let q be h(-7). Suppose -6*t = -t - q. Calculate the remainder when t is divided by (-4)/(-18) - 704/(-72).
8
What is the remainder when ((1008/15)/6)/(-8 + (-1928)/(-240)) is divided by 81?
12
Suppose 4*t = -4*y + 2*t + 242, -5*t - 263 = -4*y. Suppose -k = 3*w - 69, 0*k + 4*k = -4*w + 100. Calculate the remainder when y is divided by w.
18
Calculate the remainder when ((2 - 0)/(-1) + 1019)/1 is divided by 40.
17
Suppose 100*r = 172*r + 42*r - 2508. Let g = 29 + 123. Calculate the remainder when g is divided by r.
20
Let w(j) = j**2 + j + 3. Let a(f) be the first derivative of -12*f**2 + 253*f - 250. Calculate the remainder when a(10) is divided by w(-3).
4
Let u be -3*10/(-6) - -11. Suppose 0 = 4*s - 0*s - 16. Suppose 0 = 4*x - s*w - u, -x + 0*x - w + 4 = 0. Calculate the remainder when 23 is divided by x.
3
Suppose -q = 8 + 4. Let w be 893 - (-5 - (q + 5)). What is the remainder when (-2)/8 - w/(-44) is divided by 8?
4
Let x = 7551 + -7482. What is the remainder when 112 is divided by x?
43
Suppose -w = -3*q - 0*w + 33, 4*q - 46 = 2*w. What is the remainder when -6*(-5)/50 - (-284)/q is divided by 3?
2
Let w be (6/(-18))/((-2)/246). Suppose 3*b - w = 40. Calculate the remainder when 215 is divided by b.
26
Suppose -3*i = -30 + 12. Suppose -i*p + 1657 - 223 = 0. Calculate the remainder when p is divided by 6.
5
Let f be -3 - (14/63 + 32/18). Let z(m) = m**3 + 8*m**2 - m - 23. Calculate the remainder when z(f) is divided by 39.
18
Let f = -2942 - -2977. What is the remainder when -1 + (-3 - -3) + 121 is divided by f?
15
Let n(w) = 4*w**2 + 2. Calculate the remainder when 1424 is divided by n(0).
0
What is the remainder when 212/((10/(-44))/(4*55/(-176))) is divided by 7?
4
Let p be 5/1 - (-28 - 12). Suppose -4*w = -w + 3*a - 21, 0 = -3*w + 5*a + p. Calculate the remainder when 118 is divided by w.
8
Suppose -150 = 3*n - n. Let i = n - -80. Suppose 0 = -5*x + 27 + 18. What is the remainder when x is divided by i?
4
Suppose 2*t + 79 = 3*t. Suppose -7*h - 1335 = -2*h - 5*f, -5*f = -2*h - 540. Let d = h - -292. What is the remainder when t is divided by d?
25
Let c be -9*4/60*-3*-5. What is the remainder when 96 is divided by (1/(c/(-6)))/((-2)/(-102))?
28
Let z(p) = -17*p**2 + 2*p + 11. Let u be z(-4). Let g = 281 + u. Calculate the remainder when 34 is divided by g.
10
Calculate the remainder when 21/(-4)*(0 - 44) is divided by -147*(-1)/11 + (-2944)/(-253) + -12.
10
Suppose 2*s + q - 321 = -0*s, -775 = -5*s + 3*q. Suppose 2*g + 2*p = 56, 5*g - 57 = -2*p + 83. What is the remainder when s is divided by g + (-36)/(-6) + -14?
18
Suppose a - 5*f = 734, 0 = -16*a + 17*a - 3*f - 740. What is the remainder when a is divided by 84?
77
Let m = 2731 + -2640. What is the remainder when 723 is divided by m?
86
Let w = -247 + 436. Suppose -6*i = 21 - w. Let p = 363 + -254. Calculate the remainder when p is divided by i.
25
Suppose 16*l + 48 = 18*l + 2*m, 4*m = -24. Calculate the remainder when 296 is divided by l.
26
Let j(y) = -y**3 + 7*y**2 - 7*y + 10. Let o be j(6). Suppose 0 = 4*w - 2*f - 28, 3*w - o*f + 4 - 15 = 0. What is the remainder when 53 is divided by w?
8
Suppose 16*w + 51 = 33*w. Suppose 0 = -2*y - 2*h + 136, -w*y + 75 = -2*h - 154. Calculate the remainder when y is divided by 45.
28
Calculate the remainder when 319 is divided by (-384)/(-42) + (-24)/21.
7
Let j(y) = -9*y**2 + 2*y + 30. Let z be j(11). Calculate the remainder when 298 is divided by (-2)/(-9) + z/(-153).
4
Let t = -653 - -653. Suppose t*d + 25 = 3*g + 2*d, d = -4*g + 35. Suppose 0*u - 2*u + 228 = 0. Calculate the remainder when u is divided by g.
6
Let k(x) = -x**2. Let r be k(0). Let q be (r + (-2 - -1))/(3/(-21)). What is the remainder when (q/(-14))/(1/(-34)) is divided by 12?
5
Let j = 1438 - 645. Calculate the remainder when j is divided by 42.
37
Let f(c) = 5*c - 17. Calculate the remainder when (-728)/(-7) - 8 - -9 is divided by f(9).
21
Let z be (-296)/(-12) + 3/(36/(-8)). Suppose 4*f = w + z, 7*f + 4*w = 9*f + 2. What is the remainder when 32 is divided by f?
4
Let v(g) = g + 12. Let i be v(-11). Let o be (i/2)/(-1) - (-15532)/88. Let w = o - 125. Calculate the remainder when w is divided by 18.
15
Suppose 0 = 3*v - r + 211 - 309, 6 = -3*r. What is the remainder when 1493 is divided by v?
21
Suppose -29*a = 9*a + 14*a - 1144. What is the remainder when 477 is divided by a?
15
Let l be 548/(5 + -3) - 4. Let o = -147 + l. Calculate the remainder when o is divided by 14.
11
Suppose -20*k + 1599 = -17*k. Let m = 625 - k. What is the remainder when m is divided by 60?
32
Suppose 2*v - v - 28 = 0. Suppose 23 = 5*m + v. What is the remainder when (m + 0)*-48 - (2 - -1) is divided by 24?
21
Let c = 219 + -352. Let q = -122 - c. Calculate the remainder when 58 is divided by q.
3
Suppose 0*g - 5*g + 110 = 0. Let j = g + -9. Suppose 252 = -4*p + 8*p. Calculate the remainder when p is divided by j.
11
Suppose -56*i + 404016 = 124*i + 161196. Calculate the remainder when i is divided by 150.
149
Let p be (-42)/4*(-384)/36. Suppose -9 = -w + p. Calculate the remainder when w is divided by 22.
11
Suppose 8*y - 135*y + 50952 = 137*y. What is the remainder when 197 is divided by y?
4
Suppose 43*a = 325 + 664. Suppose 30 = 7*v - v. What is the remainder when a is divided by v?
3
Calculate the remainder when ((-15650)/8)/(-5)*(-8)/4*-2 is divided by 105.
95
Let i be 16/(-6) + 2 + (-44)/6. Let s(r) = -8*r - 46. What is the remainder when 33 is divided by s(i)?
15
Suppose -34*f + 28*f = -24. Suppose x = -4*v + 19, -v - f*x = 3*v - 4. Calculate the remainder when -4 + (v - 4) - -17 is divided by 9.
6
Suppose h + 3*b - 195 = 0, 8*h = 3*h - b + 1003. Let q = -77 + h. Calculate the remainder when q is divided by 41.
1
What is the remainder when (-94)/(-1) - (-16 + (-550)/(-25)) is divided by 47?
41
Let r(u) = -129*u - 3601. Calculate the remainder when 12747 is divided by r(-28).
9
Suppose -4*j + 8*j - 33 = -p, -45 = -p + 2*j. Let r(z) = -6*z**2 + 20*z + 3. What is the remainder when p is divided by r(3)?
5
Let t(z) = 7*z**2 + 173*z - 520. What is the remainder when 19342 is divided by t(3)?
60
Suppose 250*y - 78458 = -198*y + 245894. Calculate the remainder when y is divided by 361.
2
Let g = -20 + 24. Suppose -g*t + 66 = -50. Calculate the remainder when 0 - (-229)/2 - 19/38 is divided by t.
27
Let y(c) = c**3 - 11*c**2 - 50. What is the remainder when y(13) is divided by 100?
88
Suppose -4*f - 4*y + 144 = 0, -26*y + 20 = -30*y. Let w = 142 - 48. What is the remainder when w is divided by f?
12
Let p = -4082 + 4159. Calculate the remainder when 2771 is divided by p.
76
Let j(z) = z**3 + 15*z**2 - 104*z - 53. What is the remainder when 49 is divided by j(-20)?
22
Suppose 0*w + 6*w + 96 = 0. Let m be (9/(-12))/(4/w). Suppose -5*d + 41 = m*v - 83, 0 = 4*d + 5*v - 107. Calculate the remainder when d is divided by 14.
9
Suppose 3*l = -2*w + 138, -4*w - l = -4*l - 258. What is the remainder when w is divided by 24 + 20/(-3 - 2)?
6
Calculate the remainder when (-5 - 4589/(-65))/(14/35) is divided by 104.
60
Let f(p) = p**3 + 8*p**2 - 37*p - 3. Let l be f(-8). Let o = l + -249. What is the remainder when o is divided by 5?
4
Let l(o) = -o**2 - 64*o - 198. Calculate the remainder when l(-20) is divided by 254.
174
Let w(z) = 5*z**2 - 20 + 4*z**2 - 2*z - 5 + 5 - z**2 - z**3. Calculate the remainder when 74 is divided by w(7).
14
Suppose -401 = -106*r + 288*r - 2403. Calculate the remainder when 54 is divided by r.
10
Suppose -148 + 2148 = 8*o - 3*o. What is the remainder when o is divided by 131?
7
Suppose -6781 = -97*i + 2361 + 5893. Calculate the remainder when 202 is divided by i.
47
Let i = 16 + -6. Suppose -4*p + 126 = i*p. Suppose -4*h + 105 = h. What is the remainder when h is divided by p?
3
Let z(f) = 3*f**2 - 48*f